number?
False
Suppose 0 = 3*k - 5*f - 5183048, 24*f + 3455356 = 2*k + 22*f. Is k a composite number?
True
Suppose -6*c + 12*c - 24 = 0. Suppose -5*x + 4*l - 107 = -848, c*x = -2*l + 598. Is x composite?
False
Suppose 30*d - 1119998 = -l + 27*d, -3 = -3*d. Is l a composite number?
True
Is 0 + 11015/20*(-3 - -119) a composite number?
True
Suppose 0 = 2*i, i - 51 = -5*d - 371. Is -1324*((-4)/(d/12) + -2) composite?
True
Suppose 92 = 5*r + 2*g, r + g = 5*r - 84. Is (-8794)/4*(18 - r) a prime number?
True
Let u(w) = -12*w + 7*w - 4*w**3 + 119 + 5*w**3 - 7*w - 34*w. Is u(30) a prime number?
False
Suppose -2*t + 24 = 6*t. Suppose 3*f - b + 0*b = 1650, 0 = 4*f - t*b - 2195. Is (4 + -1 + -2)*f prime?
False
Let s = -18410 - -27047. Is s a composite number?
True
Let v = 8049 + -935. Is v a composite number?
True
Let k = 1788 - -2541. Suppose -2 = g, -j - 4*g + 2*g = -k. Is j a prime number?
False
Suppose -5*r + 3*s + 484927 = 0, -6*r + s - 387928 = -10*r. Is r a composite number?
True
Let y(a) = -3*a - 22. Let i be y(-8). Suppose -2*x = 4*h, -6*x + x + 8 = i*h. Suppose 1819 = t - c + 4*c, x*c = -3*t + 5485. Is t a composite number?
False
Let h = -1148 + -409. Let x = 2630 + h. Is x prime?
False
Suppose 0*a - 7824 = 8*a. Let x = a - -1515. Is x composite?
True
Let i = -12906 + 18270. Let u = 227 + i. Is u prime?
True
Let o = 282360 - 153051. Is o a composite number?
True
Suppose 9*p - 5*p = 12. Suppose -2*f = 5*t - 565, -p*t + 98 + 260 = 5*f. Is t a prime number?
False
Let w(l) = -4*l**2 - 54*l - 71. Let k be w(-38). Let x = k - -7406. Is x prime?
False
Suppose -118*n + 151946798 = 266*n - 70*n. Is n composite?
False
Let m = -2 + 9. Let s(q) be the first derivative of q**4/2 + 2*q**3/3 - 7*q**2/2 + 14*q + 217. Is s(m) composite?
True
Suppose -5*c + 16228 + 45757 = 2*l, -c = 1. Suppose -2*u + 21923 + l = -5*x, -3*u + 79377 = -4*x. Is u composite?
False
Suppose 161*r - 165*r = -12. Suppose -3*y - 2*f + 8451 = 0, r*y - 8463 = -0*y + 2*f. Is y a composite number?
False
Suppose j - 6*j = 3*a + 230, -2*a - 152 = 2*j. Let b = a + 77. Suppose 3*v + 1677 = 7*d - 4*d, v = -b. Is d prime?
True
Let q(l) = -l**2 - l + 1. Let u be q(0). Let b(c) = 1776*c**2 - 25*c + 156. Let x(f) = 444*f**2 - 6*f + 35. Let n(z) = -2*b(z) + 9*x(z). Is n(u) a prime number?
True
Let v be 24/(-9)*(-126)/(-56). Let y = 236 - 115. Is v/4 + y/2 + -1 a prime number?
False
Let n be (-2*91 - -3)*2. Let j = -86 - n. Suppose 3*y - j = -5*d + 1334, -5*y - 5*d + 2660 = 0. Is y composite?
True
Let k(u) = 136*u**2 + 104*u - 5835. Is k(74) a prime number?
True
Let h = -34467 + 17046. Let n = -7198 - h. Is n a composite number?
False
Let u = -73 + 75. Suppose u*r = -4*i + 16, 2*i + r = 2*r. Suppose 2*z - d - 3082 = 0, 3*d = -4*z + i*d + 6176. Is z a composite number?
False
Let x = 17002 - -3623. Let r = x - 10216. Is r prime?
False
Suppose -3*a = -14*a + 44. Suppose 2*d + 19850 = a*d - 2*m, 5*m = -4*d + 39682. Is d a prime number?
True
Suppose -3*k + 3*t = -575901, 191959 = k + 4*t - t. Is k prime?
False
Let k = -37289 - -67578. Is k composite?
True
Suppose 0 = u + 4*g + 19, -3*u + 5*g = 2 + 4. Let j = u + 136. Is j a composite number?
True
Let p(a) = 3829*a**2 + 305*a - 45. Is p(11) composite?
False
Suppose 51*v - 8198619 = -1605567 + 1990401. Is v a composite number?
True
Suppose 2*r - 3432 = -4*b, 2*b - 3*r + 389 = 2097. Let g = 2218 - b. Is g prime?
True
Suppose -5*c - 4 = 31. Let p(b) = -7*b**3 + 5*b**2 + 12*b - 11. Is p(c) a prime number?
True
Is ((-36)/48)/((-15)/233540) prime?
True
Let x(z) = -4544*z - 1003. Is x(-10) a composite number?
True
Let i(a) = -a**3 - 2*a**2 + 5*a - 9. Let d be i(-4). Suppose -d*f + 10766 = 2*s, s + 2*f - 8845 = -3462. Is s a composite number?
True
Is ((-6)/8)/(3/2) + 40712314/172 composite?
False
Let f(o) be the second derivative of -o**3/6 - 21*o**2 - 6*o. Let j be f(-26). Is (17 + j)/(2*2/2084) composite?
False
Suppose -4*u + 442 = 2*o, -218 = -3*u + 3*o + 91. Let t = u + -110. Is t - (12/(-16) - 29739/12) composite?
False
Let x be 2*(166/8 + 0)*24. Suppose 1810 = 2*r + 524. Let w = x + r. Is w prime?
False
Let k(d) be the second derivative of -11*d**5/20 - d**4/6 - 7*d**3/6 - 5*d**2/2 + 50*d. Is k(-3) a prime number?
False
Let v(r) = 2*r + 3148. Let d be (-2)/2*(1 - 1). Let u be v(d). Suppose -8*g = -6*g - u. Is g a composite number?
True
Suppose 83*n - 79*n = 72. Let q(u) = 3*u - 49. Let d be q(n). Is 306*3 + d*21/35 prime?
False
Let j be 1379/(-2) - 25/(-50). Let q = 782 + j. Is q prime?
False
Let s = 211164 - -21227. Is s a prime number?
True
Let j = -49067 - -97876. Is j composite?
False
Suppose 196279 = 88*l - 840097. Is l a prime number?
True
Let y(l) = 8*l**2 + 11*l + 11. Let w be y(-14). Let d = 25 + w. Let x = d - 89. Is x prime?
True
Suppose -156300 = -13*z + 110964 - 38503. Is z composite?
False
Let f(u) = u**3 + 8*u**2 - 17*u - 9. Let v be f(-11). Let o be (v/(-2))/((-4)/(48/(-3))). Is (4 - 2)/(20/o) a composite number?
False
Let t be 5*(-6)/30*3. Is t*(1906/(-8))/((-21)/(-28)) composite?
False
Suppose 2*j + m - 5683 = 20258, -38910 = -3*j - m. Let t = j + -6502. Is t prime?
False
Let t = -14 - -16. Suppose 2 = -t*n, -4*w - 2 = 5*n - 5. Suppose 2*x + w*z - 47 = 149, 3*x - 314 = z. Is x prime?
True
Suppose k - 2*k - 1 = 0, k - 11 = 2*l. Let h(v) = v**2 + 8*v + 15. Let x be h(l). Suppose -c = -2*c - x*n + 449, -1321 = -3*c + 4*n. Is c prime?
True
Let z(c) = -7*c - 40. Let n be z(-6). Suppose 4*p - 754 = -5*u, n*p + u - 372 = -4*u. Is p a prime number?
True
Suppose -11*r = -6*r - 15. Let s be r - 4*3/4. Suppose -3*n + 4*n - 89 = s. Is n a composite number?
False
Let q(v) be the third derivative of -1/2*v**3 + 0*v + 7/24*v**4 + 0 + v**2 + 1/60*v**5. Is q(-14) a composite number?
True
Let f be 2 + (0 + 156)/4. Suppose -1 = 5*k - f. Suppose 7*o = k*o - 1234. Is o composite?
True
Suppose 3*f - 33891 = n - 4*n, 3*f = 9. Is n composite?
True
Let x(h) = -178*h - 27. Let y be x(17). Let g = -5757 - y. Let f = g + 4085. Is f a composite number?
False
Let v = -168239 - -113940. Let y = v + 81598. Is y prime?
True
Let t(k) = 16*k**2 - 7*k - 91. Let d be 3534/155 - (-4)/(-5). Is t(d) prime?
True
Suppose -21336266 = 35*j - 102*j + 1297607. Is j a prime number?
False
Let s be -1*(46 + 2)*-1. Let q be ((-120)/s)/((-2)/28*1). Is (-2 - (1 + -2)) + q a composite number?
True
Let l be (9570/13 - 1) + 18/(-117). Suppose -1164 = -3*k + l. Is k prime?
False
Suppose -3*g + 3601564 = -5*z, 5*g - 10*z - 6002756 = -23*z. Is g composite?
True
Let s(m) = 4*m**2 - 3725. Let v be s(0). Let j = v + 11388. Is j a composite number?
True
Let p = 13205 + -5793. Is ((p - -1) + -2)*1 prime?
True
Let n(h) = 32207*h**3 + 7*h**2 - 27*h + 33. Is n(2) a composite number?
True
Let r = -764 + 1652. Suppose -7*j + r = j. Let i = -17 + j. Is i composite?
True
Suppose -5*p + 117757 = -53*s + 50*s, 70671 = 3*p - 6*s. Is p a composite number?
False
Let y be (22/(-121))/(2/44*-2). Suppose -y*s = -f - 12838, 3*s - 25955 = -2*f - 6684. Is s a composite number?
False
Suppose 28*m - 24*m + 115418 = 2*a, -5*a - 4*m = -288615. Is a a composite number?
False
Let x(h) = 21*h**2 + 5*h - 7. Let j be x(15). Suppose 0 = -5*w + 23008 - j. Is w a composite number?
False
Suppose -11*d = -7*d - 16. Suppose u + 4*u - 66 = q, -d*u + 48 = -2*q. Is u composite?
True
Let z be ((-1)/2)/(3/4962). Suppose -61283 = -37*m - 1565. Let i = m + z. Is i a composite number?
False
Suppose 8*q - 15 = 3*q. Let l be q*(-6)/72 + (-2418)/(-8). Is (-1 - (1 + -5)) + l composite?
True
Suppose -17 = 4*k + u, -3*k + 4*u = -u - 16. Let q(b) = -342*b**2 + 7*b + 5. Let r be q(k). Let l = 6257 + r. Is l a composite number?
False
Let o be 194/7 + 6/21. Let y = o - 28. Is (-1)/(-1*2/6814) - y a composite number?
False
Let d(w) = w**3 - 4*w**2 - 10*w. Let t be d(6). Suppose t*u - 33408 + 2316 = 0. Is u a prime number?
True
Is (2/(-2) - (-42)/56)*(44 - 2832208) a prime number?
True
Let f = 0 + -3. Suppose -14*l - 37*l - 102 = 0. Is (f/((-9)/(-339)))/(2/l) prime?
True
Suppose -3*r + 49610 = 5*i, -5*r - 5*i - 16530 = -6*r. Is r a prime number?
False
Suppose -i + 5*d = -76225, -2*i + 152422 = -2*d - d. Is i composite?
True
Suppose 2*p = m - 7, 3*m = 2*p + 4 + 13. Let x be p/(-2) + (-12309)/(-6). Suppose 4*w - 8*s = -4*s + x, -2056 = -4*w + 2*s. Is w a 